{"id":276,"date":"2020-11-30T21:25:18","date_gmt":"2020-12-01T00:25:18","guid":{"rendered":"https:\/\/aadas.org\/?page_id=276"},"modified":"2021-05-24T15:22:40","modified_gmt":"2021-05-24T18:22:40","slug":"aprenda","status":"publish","type":"page","link":"https:\/\/aadas.org\/?page_id=276","title":{"rendered":"Aprenda"},"content":{"rendered":"<p>[et_pb_section fb_built=&#8221;1&#8243; custom_padding_last_edited=&#8221;on|desktop&#8221; admin_label=&#8221;Header&#8221; _builder_version=&#8221;4.6.6&#8243; background_image=&#8221;https:\/\/aadas.org\/wp-content\/uploads\/2020\/11\/Quem-nao-se-comunica-se-trumbica-1.jpg&#8221; custom_padding=&#8221;127px||150px||false|false&#8221; custom_padding_tablet=&#8221;140px|0px|50px|0px|false|false&#8221; custom_padding_phone=&#8221;120px|||&#8221;][et_pb_row column_structure=&#8221;1_2,1_2&#8243; _builder_version=&#8221;3.25&#8243; max_width=&#8221;1280px&#8221; use_custom_width=&#8221;on&#8221; custom_width_px=&#8221;1280px&#8221;][et_pb_column type=&#8221;1_2&#8243; _builder_version=&#8221;3.25&#8243; custom_padding=&#8221;|||&#8221; custom_padding__hover=&#8221;|||&#8221;][et_pb_text _builder_version=&#8221;4.6.6&#8243; text_font=&#8221;||||||||&#8221; text_font_size=&#8221;18px&#8221; text_line_height=&#8221;2em&#8221; header_font=&#8221;Lato||||||||&#8221; header_font_size=&#8221;60px&#8221; header_line_height=&#8221;1.3em&#8221; max_width=&#8221;600px&#8221; text_font_size_tablet=&#8221;&#8221; text_font_size_phone=&#8221;15px&#8221; text_font_size_last_edited=&#8221;on|phone&#8221; text_line_height_tablet=&#8221;&#8221; text_line_height_phone=&#8221;1.6em&#8221; text_line_height_last_edited=&#8221;on|phone&#8221; header_font_size_tablet=&#8221;50px&#8221; header_font_size_phone=&#8221;32px&#8221; header_font_size_last_edited=&#8221;on|phone&#8221;]<\/p>\n<h1>Quem n\u00e3o se comunica,\u00a0<span style=\"font-weight: 400;\">se trumbica<\/span><\/h1>\n<p><span style=\"font-weight: 400;\">Abelardo Barbosa (Chacrinha)<\/span><\/p>\n<p>[\/et_pb_text][\/et_pb_column][et_pb_column type=&#8221;1_2&#8243; _builder_version=&#8221;3.25&#8243; custom_padding=&#8221;|||&#8221; custom_padding__hover=&#8221;|||&#8221;][\/et_pb_column][\/et_pb_row][\/et_pb_section][et_pb_section fb_built=&#8221;1&#8243; _builder_version=&#8221;4.6.6&#8243; _module_preset=&#8221;default&#8221; background_color=&#8221;rgba(255,255,255,0.52)&#8221; background_image=&#8221;https:\/\/aadas.org\/wp-content\/uploads\/2020\/08\/Fundo-AADAS.jpg&#8221; background_blend=&#8221;overlay&#8221; custom_padding=&#8221;||0px|||&#8221;][et_pb_row column_structure=&#8221;1_3,2_3&#8243; _builder_version=&#8221;4.6.6&#8243; _module_preset=&#8221;default&#8221; custom_padding=&#8221;||0px|||&#8221;][et_pb_column type=&#8221;1_3&#8243; _builder_version=&#8221;4.6.6&#8243; _module_preset=&#8221;default&#8221;][et_pb_image src=&#8221;https:\/\/aadas.org\/wp-content\/uploads\/2020\/11\/thinking_woman_PNG11645.png&#8221; title_text=&#8221;thinking_woman_PNG11645&#8243; _builder_version=&#8221;4.6.6&#8243; _module_preset=&#8221;default&#8221;][\/et_pb_image][\/et_pb_column][et_pb_column type=&#8221;2_3&#8243; _builder_version=&#8221;4.6.6&#8243; _module_preset=&#8221;default&#8221;][et_pb_text _builder_version=&#8221;4.6.6&#8243; _module_preset=&#8221;default&#8221; text_font=&#8221;||||||||&#8221; text_font_size=&#8221;21px&#8221; text_line_height=&#8221;1.9em&#8221; header_text_color=&#8221;#002f87&#8243; background_color=&#8221;rgba(255,255,255,0.53)&#8221; module_alignment=&#8221;center&#8221; custom_margin=&#8221;10%||||false|false&#8221; custom_padding=&#8221;15px|15px|15px|15px|false|false&#8221;]<\/p>\n<h1><strong>Voc\u00ea j\u00e1 parou para pensar na import\u00e2ncia da comunica\u00e7\u00e3o em sua vida? <\/strong><\/h1>\n<p><span style=\"font-weight: 400;\">Pois \u00e9, tudo \u00e9 comunica\u00e7\u00e3o. Agora, j\u00e1 pensou em quem tem que, constantemente, usar de estrat\u00e9gias alternativas para se comunicar, por que a sua l\u00edngua n\u00e3o \u00e9 conhecida pela maioria das pessoas? N\u00e3o pensou ainda? Pois voc\u00ea chegou ao lugar certo!<\/span><\/p>\n<p>[\/et_pb_text][\/et_pb_column][\/et_pb_row][\/et_pb_section][et_pb_section fb_built=&#8221;1&#8243; fullwidth=&#8221;on&#8221; admin_label=&#8221;Footer&#8221; _builder_version=&#8221;3.22&#8243;][et_pb_fullwidth_header title=&#8221;Acesso&#8221; text_orientation=&#8221;center&#8221; button_one_text=&#8221;Quero fazer o curso&#8221; button_one_url=&#8221;https:\/\/api.whatsapp.com\/send?1=pt_BR&#038;phone=5512991751043&#8243; content_max_width_phone=&#8221;580px&#8221; content_max_width_last_edited=&#8221;off|desktop&#8221; _builder_version=&#8221;4.9.4&#8243; title_font=&#8221;Lato||||||||&#8221; title_font_size=&#8221;50px&#8221; title_line_height=&#8221;1.3em&#8221; content_font=&#8221;||||||||&#8221; content_font_size=&#8221;18px&#8221; content_line_height=&#8221;2em&#8221; background_color=&#8221;#ffffff&#8221; use_background_color_gradient=&#8221;on&#8221; background_color_gradient_start=&#8221;#ffffff&#8221; background_color_gradient_end=&#8221;rgba(255,218,164,0.52)&#8221; background_color_gradient_overlays_image=&#8221;on&#8221; background_image=&#8221;https:\/\/aadas.org\/wp-content\/uploads\/2020\/11\/language-school-illustration-13.png&#8221; background_position=&#8221;bottom_center&#8221; custom_button_one=&#8221;on&#8221; button_one_text_size=&#8221;16px&#8221; button_one_text_color=&#8221;#ffffff&#8221; button_one_bg_color=&#8221;#ff4d54&#8243; button_one_border_width=&#8221;10px&#8221; button_one_border_color=&#8221;rgba(0,0,0,0)&#8221; button_one_border_radius=&#8221;100px&#8221; button_one_letter_spacing=&#8221;1px&#8221; button_one_font=&#8221;|700||on|||||&#8221; custom_button_two=&#8221;on&#8221; button_two_text_size=&#8221;16px&#8221; button_two_text_color=&#8221;#ffffff&#8221; button_two_bg_color=&#8221;#3cb3b3&#8243; button_two_border_width=&#8221;10px&#8221; button_two_border_color=&#8221;rgba(0,0,0,0)&#8221; button_two_border_radius=&#8221;100px&#8221; button_two_letter_spacing=&#8221;1px&#8221; button_two_font=&#8221;|700||on|||||&#8221; background_layout=&#8221;light&#8221; custom_padding=&#8221;100px||160px||false&#8221; custom_padding_tablet=&#8221;&#8221; custom_padding_phone=&#8221;20px||20px||true&#8221; custom_padding_last_edited=&#8221;on|phone&#8221; hover_enabled=&#8221;0&#8243; title_font_size_tablet=&#8221;40px&#8221; title_font_size_phone=&#8221;30px&#8221; title_font_size_last_edited=&#8221;on|phone&#8221; content_font_size_tablet=&#8221;&#8221; content_font_size_phone=&#8221;15px&#8221; content_font_size_last_edited=&#8221;on|phone&#8221; box_shadow_style_button_one=&#8221;preset1&#8243; box_shadow_vertical_button_one=&#8221;10px&#8221; box_shadow_blur_button_one=&#8221;30px&#8221; box_shadow_color_button_one=&#8221;rgba(255,0,8,0.24)&#8221; box_shadow_style_button_two=&#8221;preset1&#8243; box_shadow_vertical_button_two=&#8221;10px&#8221; box_shadow_blur_button_two=&#8221;30px&#8221; box_shadow_color_button_two=&#8221;rgba(60,190,190,0.24)&#8221; button_one_letter_spacing_hover=&#8221;1px&#8221; button_two_letter_spacing_hover=&#8221;1px&#8221; button_one_text_size__hover_enabled=&#8221;off&#8221; button_two_text_size__hover_enabled=&#8221;off&#8221; button_one_text_color__hover_enabled=&#8221;off&#8221; button_two_text_color__hover_enabled=&#8221;off&#8221; button_one_border_width__hover_enabled=&#8221;off&#8221; button_two_border_width__hover_enabled=&#8221;off&#8221; button_one_border_color__hover_enabled=&#8221;off&#8221; button_two_border_color__hover_enabled=&#8221;off&#8221; button_one_border_radius__hover_enabled=&#8221;off&#8221; button_two_border_radius__hover_enabled=&#8221;off&#8221; button_one_letter_spacing__hover_enabled=&#8221;on&#8221; button_one_letter_spacing__hover=&#8221;1px&#8221; button_two_letter_spacing__hover_enabled=&#8221;on&#8221; button_two_letter_spacing__hover=&#8221;1px&#8221; button_one_bg_color__hover_enabled=&#8221;off&#8221; button_two_bg_color__hover_enabled=&#8221;off&#8221; link_option_url_new_window=&#8221;on&#8221; sticky_enabled=&#8221;0&#8243;]<\/p>\n<p>Aqui e em nossas redes sociais voc\u00ea ter\u00e1 acesso a bastante conte\u00fado sobre a Comunidade surda. Mas, para conhecer melhor o surdo, sua cultura e sua l\u00edngua, a melhor forma \u00e9 ingressar em um dos nos nossos cursos de LIBRAS<\/p>\n<p>[\/et_pb_fullwidth_header][\/et_pb_section][et_pb_section fb_built=&#8221;1&#8243; admin_label=&#8221;Features&#8221; _builder_version=&#8221;4.6.6&#8243; background_color=&#8221;rgba(255,255,255,0.66)&#8221; background_image=&#8221;https:\/\/aadas.org\/wp-content\/uploads\/2020\/08\/Fundo-AADAS.jpg&#8221; background_blend=&#8221;overlay&#8221; custom_padding=&#8221;6px||2px|||&#8221;][et_pb_row use_custom_gutter=&#8221;on&#8221; gutter_width=&#8221;2&#8243; _builder_version=&#8221;4.6.6&#8243; max_width=&#8221;1280px&#8221; custom_padding=&#8221;0px||0px|||&#8221; use_custom_width=&#8221;on&#8221; custom_width_px=&#8221;1280px&#8221;][et_pb_column type=&#8221;4_4&#8243; _builder_version=&#8221;3.25&#8243; custom_padding=&#8221;|||&#8221; custom_padding__hover=&#8221;|||&#8221;][et_pb_slider _builder_version=&#8221;4.6.6&#8243; _module_preset=&#8221;default&#8221; width=&#8221;100%&#8221; module_alignment=&#8221;center&#8221; custom_margin=&#8221;-3px|||||&#8221;][et_pb_slide heading=&#8221;VOC\u00ca SABIA&#8230;.&#8221; image=&#8221;https:\/\/aadas.org\/wp-content\/uploads\/2021\/01\/Placas1.png&#8221; alignment=&#8221;bottom&#8221; _builder_version=&#8221;4.6.6&#8243; _module_preset=&#8221;default&#8221; background_color=&#8221;rgba(0,0,0,0)&#8221; background_enable_color=&#8221;on&#8221; background_layout=&#8221;light&#8221; sticky_transition=&#8221;on&#8221;]<\/p>\n<p><span>que o termo SURDO-MUDO \u00e9 rejeitado pela comunidade surda? Surdo n\u00e3o \u00e9 mudo, ele se comunica e existem diferen\u00e7as entre as formas de se comunicar, de pessoa surda para pessoa surda. \u00c9 o que chamamos de diversidade surda.<\/span><\/p>\n<p>[\/et_pb_slide][et_pb_slide heading=&#8221;VOC\u00ca SABIA&#8230;.&#8221; image=&#8221;https:\/\/aadas.org\/wp-content\/uploads\/2021\/01\/Placa3.png&#8221; alignment=&#8221;bottom&#8221; _builder_version=&#8221;4.6.6&#8243; _module_preset=&#8221;default&#8221; background_enable_color=&#8221;off&#8221; background_layout=&#8221;light&#8221; sticky_transition=&#8221;on&#8221;]<\/p>\n<p><span>que a L\u00edngua de Sinais n\u00e3o \u00e9 universal? Assim como as pessoas ouvintes, os surdos de pa\u00edses diferentes, falam diferentes l\u00ednguas ou tem regionalismos e sotaques dentro de um mesmo pa\u00eds.<\/span><\/p>\n<p>[\/et_pb_slide][et_pb_slide heading=&#8221;VOC\u00ca SABIA&#8230;.&#8221; image=&#8221;https:\/\/aadas.org\/wp-content\/uploads\/2021\/01\/Placa3a-1.png&#8221; alignment=&#8221;bottom&#8221; _builder_version=&#8221;4.6.6&#8243; _module_preset=&#8221;default&#8221; background_enable_color=&#8221;off&#8221; background_layout=&#8221;light&#8221; sticky_transition=&#8221;on&#8221;]<\/p>\n<p><span>que a L\u00edngua de Sinais tem uma estrutura gramatical e sintaxe pr\u00f3prias, muito diferente do portugu\u00eas? Muitas pessoas acreditam que a LIBRAS \u00e9 o Portugu\u00eas feito com as m\u00e3os, que os sinais substituem as palavras desta l\u00edngua. Chamamos isso de portugu\u00eas sinalizado. \u00c9 importante deixar bem claro que \u00e9 errado o uso do portugu\u00eas<\/span><\/p>\n<p>[\/et_pb_slide][et_pb_slide heading=&#8221;VOC\u00ca SABIA&#8230;.&#8221; image=&#8221;https:\/\/aadas.org\/wp-content\/uploads\/2021\/01\/placa4.png&#8221; _builder_version=&#8221;4.6.6&#8243; _module_preset=&#8221;default&#8221; background_enable_color=&#8221;off&#8221; background_layout=&#8221;light&#8221; sticky_transition=&#8221;on&#8221;]<\/p>\n<p><span>A quest\u00e3o da comunica\u00e7\u00e3o est\u00e1 em segundo lugar no ranking dos maiores medos do ser humano? Sem uma boa comunica\u00e7\u00e3o temos dificuldades para aprender, para nos relacionar, para viver. E os surdos vivem dificuldades constantes de comunica\u00e7\u00e3o n\u00e3o por que n\u00e3o desenvolvem sua l\u00edngua, mas por que a maioria ouvinte n\u00e3o aprende a L\u00edngua de Sinais para serem seus parceiros de comunica\u00e7\u00e3o. Assim, eles passam por n\u00f3s sem poder se comunicar, porque n\u00f3s n\u00e3o conhecemos sua l\u00edngua.<\/span><\/p>\n<p>[\/et_pb_slide][et_pb_slide heading=&#8221;VOC\u00ca SABIA&#8230;.&#8221; image=&#8221;https:\/\/aadas.org\/wp-content\/uploads\/2021\/01\/Placa5.png&#8221; alignment=&#8221;bottom&#8221; _builder_version=&#8221;4.6.6&#8243; _module_preset=&#8221;default&#8221; background_enable_color=&#8221;off&#8221; background_layout=&#8221;light&#8221; sticky_transition=&#8221;on&#8221;]<\/p>\n<p><span>que surdo pode ouvir e falar? Estranha esta afirma\u00e7\u00e3o n\u00e3o \u00e9? Mas, \u00e9 fato que, os surdos podem se beneficiar de recursos tecnol\u00f3gicos e terapias especializadas, podendo desenvolver a audi\u00e7\u00e3o e a fala. Mesmo assim, sempre incentivamos que os surdos oralizados, tamb\u00e9m desenvolvam sua identidade e cultura surda, entendendo que a \u201cdefici\u00eancia\u201d \u00e9 no caso, apenas uma diferen\u00e7a, das milhares que todos n\u00f3s temos.<\/span><\/p>\n<p>[\/et_pb_slide][et_pb_slide heading=&#8221;VOC\u00ca SABIA&#8230;.&#8221; image=&#8221;https:\/\/aadas.org\/wp-content\/uploads\/2021\/01\/Placa6-1.png&#8221; alignment=&#8221;bottom&#8221; _builder_version=&#8221;4.6.6&#8243; _module_preset=&#8221;default&#8221; background_color=&#8221;rgba(0,0,0,0)&#8221; background_enable_color=&#8221;on&#8221; background_layout=&#8221;light&#8221; sticky_transition=&#8221;on&#8221;]<\/p>\n<p><span>que al\u00e9m de aprender a dizer seu nome em LIBRAS, voc\u00ea pode ter um sinal pr\u00f3prio? Todos os surdos que usam a LIBRAS para se comunicar tem um sinal para representar a si mesmo, como se fosse o seu apelido em LIBRAS. Ouvintes tamb\u00e9m podem ter seu sinal pr\u00f3prio. Mas, para isso, precisam ser batizados pelos surdos.<\/span><\/p>\n<p>[\/et_pb_slide][et_pb_slide heading=&#8221;VOC\u00ca SABIA&#8230;.&#8221; image=&#8221;https:\/\/aadas.org\/wp-content\/uploads\/2021\/01\/placa7.png&#8221; alignment=&#8221;bottom&#8221; _builder_version=&#8221;4.6.6&#8243; _module_preset=&#8221;default&#8221; background_enable_color=&#8221;off&#8221; background_layout=&#8221;light&#8221; sticky_transition=&#8221;on&#8221;]<\/p>\n<p><span>que <\/span><span>acessibilidade em Libras \u00e9 obrigat\u00f3ria? <\/span><span>A <\/span><a href=\"http:\/\/www12.senado.leg.br\/noticias\/materias\/2016\/01\/21\/lei-brasileira-de-inclusao-entra-em-vigor-e-beneficia-45-milhoes-de-brasileiros\"><span>Lei Brasileira de Inclus\u00e3o (LBI)<\/span><\/a><span> promove mudan\u00e7as significativas em diversas \u00e1reas como educa\u00e7\u00e3o, sa\u00fade, mobilidade, trabalho, moradia e cultura. Uma das obriga\u00e7\u00f5es important\u00edssimas \u00e9 a de que os servi\u00e7os de empresas ou \u00f3rg\u00e3os p\u00fablicos ofere\u00e7am acessibilidade para as pessoas com defici\u00eancia.<\/span><\/p>\n<p>[\/et_pb_slide][\/et_pb_slider][\/et_pb_column][\/et_pb_row][\/et_pb_section][et_pb_section fb_built=&#8221;1&#8243; admin_label=&#8221;Courses&#8221; _builder_version=&#8221;3.22&#8243; custom_padding=&#8221;30px|0px|90px|0px|false|false&#8221;][et_pb_row _builder_version=&#8221;3.25&#8243;][et_pb_column type=&#8221;4_4&#8243; _builder_version=&#8221;3.25&#8243; custom_padding=&#8221;|||&#8221; custom_padding__hover=&#8221;|||&#8221;][et_pb_text _builder_version=&#8221;3.27.4&#8243; text_font=&#8221;EB Garamond|700|||||||&#8221; text_text_color=&#8221;rgba(0,0,0,0.02)&#8221; text_font_size=&#8221;80px&#8221; text_line_height=&#8221;0em&#8221; header_2_font=&#8221;EB Garamond||||||||&#8221; header_2_font_size=&#8221;50px&#8221; header_2_line_height=&#8221;1.3em&#8221; text_orientation=&#8221;center&#8221; text_font_size_tablet=&#8221;50px&#8221; text_font_size_phone=&#8221;30px&#8221; text_font_size_last_edited=&#8221;on|desktop&#8221; header_2_font_size_tablet=&#8221;40px&#8221; header_2_font_size_phone=&#8221;30px&#8221; header_2_font_size_last_edited=&#8221;on|phone&#8221;]<\/p>\n<p>LIBRAS<\/p>\n<h2>Quer saber mais?<\/h2>\n<p>[\/et_pb_text][\/et_pb_column][\/et_pb_row][et_pb_row column_structure=&#8221;1_2,1_2&#8243; _builder_version=&#8221;4.6.6&#8243; _module_preset=&#8221;default&#8221; custom_padding=&#8221;14px|||||&#8221;][et_pb_column type=&#8221;1_2&#8243; _builder_version=&#8221;4.6.6&#8243; _module_preset=&#8221;default&#8221;][et_pb_text _builder_version=&#8221;4.6.6&#8243; _module_preset=&#8221;default&#8221; text_font=&#8221;Lato||||||||&#8221; text_font_size=&#8221;22px&#8221; text_line_height=&#8221;2.2em&#8221; custom_margin=&#8221;|||20%|false|false&#8221; custom_padding=&#8221;73px||0px||false|false&#8221;]<\/p>\n<p style=\"text-align: right;\"><span style=\"font-weight: 400;\">Venha fazer curso de LIBRAS com a gente. Aqui voc\u00ea aprender\u00e1 n\u00e3o s\u00f3 a LIBRAS, mas principalmente quem \u00e9 o surdo e se tornar\u00e1 seu parceiro de comunica\u00e7\u00e3o.<\/span><\/p>\n<p>[\/et_pb_text][et_pb_button button_url=&#8221;https:\/\/api.whatsapp.com\/send?1=pt_BR&#038;phone=5512991751043&#8243; button_text=&#8221;Quero fazer o Curso&#8221; button_alignment=&#8221;right&#8221; _builder_version=&#8221;4.9.4&#8243; custom_button=&#8221;on&#8221; button_text_size=&#8221;16px&#8221; button_text_color=&#8221;#ffffff&#8221; button_bg_color=&#8221;#ff4d54&#8243; button_border_width=&#8221;0px&#8221; button_border_radius=&#8221;100px&#8221; button_letter_spacing=&#8221;1px&#8221; button_font=&#8221;|700||on|||||&#8221; custom_padding=&#8221;14px|34px|14px|34px|true|true&#8221; animation_style=&#8221;zoom&#8221; hover_enabled=&#8221;0&#8243; box_shadow_style=&#8221;preset1&#8243; box_shadow_vertical=&#8221;10px&#8221; box_shadow_blur=&#8221;30px&#8221; box_shadow_color=&#8221;rgba(255,77,84,0.24)&#8221; button_letter_spacing_hover=&#8221;1px&#8221; button_text_size__hover_enabled=&#8221;off&#8221; button_one_text_size__hover_enabled=&#8221;off&#8221; button_two_text_size__hover_enabled=&#8221;off&#8221; button_text_color__hover_enabled=&#8221;off&#8221; button_one_text_color__hover_enabled=&#8221;off&#8221; button_two_text_color__hover_enabled=&#8221;off&#8221; button_border_width__hover_enabled=&#8221;off&#8221; button_one_border_width__hover_enabled=&#8221;off&#8221; button_two_border_width__hover_enabled=&#8221;off&#8221; button_border_color__hover_enabled=&#8221;off&#8221; button_one_border_color__hover_enabled=&#8221;off&#8221; button_two_border_color__hover_enabled=&#8221;off&#8221; button_border_radius__hover_enabled=&#8221;off&#8221; button_one_border_radius__hover_enabled=&#8221;off&#8221; button_two_border_radius__hover_enabled=&#8221;off&#8221; button_letter_spacing__hover_enabled=&#8221;on&#8221; button_letter_spacing__hover=&#8221;1px&#8221; button_one_letter_spacing__hover_enabled=&#8221;off&#8221; button_two_letter_spacing__hover_enabled=&#8221;off&#8221; button_bg_color__hover_enabled=&#8221;off&#8221; button_one_bg_color__hover_enabled=&#8221;off&#8221; button_two_bg_color__hover_enabled=&#8221;off&#8221; url_new_window=&#8221;on&#8221; sticky_enabled=&#8221;0&#8243;][\/et_pb_button][\/et_pb_column][et_pb_column type=&#8221;1_2&#8243; _builder_version=&#8221;4.6.6&#8243; _module_preset=&#8221;default&#8221;][et_pb_image src=&#8221;https:\/\/aadas.org\/wp-content\/uploads\/2020\/11\/VemAddas.png&#8221; title_text=&#8221;VemAddas&#8221; _builder_version=&#8221;4.6.6&#8243; _module_preset=&#8221;default&#8221;][\/et_pb_image][\/et_pb_column][\/et_pb_row][\/et_pb_section]<\/p>\n","protected":false},"excerpt":{"rendered":"<p>Quem n\u00e3o se comunica,\u00a0se trumbica Abelardo Barbosa (Chacrinha)Voc\u00ea j\u00e1 parou para pensar na import\u00e2ncia da comunica\u00e7\u00e3o em sua vida? Pois \u00e9, tudo \u00e9 comunica\u00e7\u00e3o. Agora, j\u00e1 pensou em quem tem que, constantemente, usar de estrat\u00e9gias alternativas para se comunicar, por que a sua l\u00edngua n\u00e3o \u00e9 conhecida pela maioria das pessoas? N\u00e3o pensou ainda? Pois [&hellip;]<\/p>\n","protected":false},"author":1,"featured_media":0,"parent":0,"menu_order":0,"comment_status":"closed","ping_status":"closed","template":"","meta":{"_et_pb_use_builder":"on","_et_pb_old_content":"","_et_gb_content_width":"","_joinchat":[],"footnotes":""},"class_list":["post-276","page","type-page","status-publish","hentry"],"jetpack_sharing_enabled":true,"_links":{"self":[{"href":"https:\/\/aadas.org\/index.php?rest_route=\/wp\/v2\/pages\/276","targetHints":{"allow":["GET"]}}],"collection":[{"href":"https:\/\/aadas.org\/index.php?rest_route=\/wp\/v2\/pages"}],"about":[{"href":"https:\/\/aadas.org\/index.php?rest_route=\/wp\/v2\/types\/page"}],"author":[{"embeddable":true,"href":"https:\/\/aadas.org\/index.php?rest_route=\/wp\/v2\/users\/1"}],"replies":[{"embeddable":true,"href":"https:\/\/aadas.org\/index.php?rest_route=%2Fwp%2Fv2%2Fcomments&post=276"}],"version-history":[{"count":13,"href":"https:\/\/aadas.org\/index.php?rest_route=\/wp\/v2\/pages\/276\/revisions"}],"predecessor-version":[{"id":612,"href":"https:\/\/aadas.org\/index.php?rest_route=\/wp\/v2\/pages\/276\/revisions\/612"}],"wp:attachment":[{"href":"https:\/\/aadas.org\/index.php?rest_route=%2Fwp%2Fv2%2Fmedia&parent=276"}],"curies":[{"name":"wp","href":"https:\/\/api.w.org\/{rel}","templated":true}]}}