{"id":299,"date":"2020-11-30T22:37:07","date_gmt":"2020-12-01T01:37:07","guid":{"rendered":"https:\/\/aadas.org\/?page_id=299"},"modified":"2021-05-06T16:56:11","modified_gmt":"2021-05-06T19:56:11","slug":"doe-se","status":"publish","type":"page","link":"https:\/\/aadas.org\/?page_id=299","title":{"rendered":"Doe-se"},"content":{"rendered":"<p>[et_pb_section fb_built=&#8221;1&#8243; custom_padding_last_edited=&#8221;on|desktop&#8221; admin_label=&#8221;Header&#8221; _builder_version=&#8221;4.6.6&#8243; background_image=&#8221;https:\/\/aadas.org\/wp-content\/uploads\/2020\/11\/sonhos-juntos.jpg&#8221; custom_padding=&#8221;127px||150px||false|false&#8221; custom_padding_tablet=&#8221;140px|0px|50px|0px|false|false&#8221; custom_padding_phone=&#8221;120px|||&#8221;][et_pb_row column_structure=&#8221;3_5,2_5&#8243; _builder_version=&#8221;3.25&#8243; max_width=&#8221;1280px&#8221; use_custom_width=&#8221;on&#8221; custom_width_px=&#8221;1280px&#8221;][et_pb_column type=&#8221;3_5&#8243; _builder_version=&#8221;3.25&#8243; custom_padding=&#8221;|||&#8221; custom_padding__hover=&#8221;|||&#8221;][et_pb_text _builder_version=&#8221;4.6.6&#8243; text_font=&#8221;||||||||&#8221; text_text_color=&#8221;#ffffff&#8221; text_font_size=&#8221;18px&#8221; text_line_height=&#8221;2em&#8221; header_font=&#8221;Lato|900|||||||&#8221; header_text_color=&#8221;#ffffff&#8221; header_font_size=&#8221;41px&#8221; header_line_height=&#8221;1.3em&#8221; max_width=&#8221;949px&#8221; text_font_size_tablet=&#8221;&#8221; text_font_size_phone=&#8221;15px&#8221; text_font_size_last_edited=&#8221;on|phone&#8221; text_line_height_tablet=&#8221;&#8221; text_line_height_phone=&#8221;1.6em&#8221; text_line_height_last_edited=&#8221;on|phone&#8221; header_font_size_tablet=&#8221;50px&#8221; header_font_size_phone=&#8221;32px&#8221; header_font_size_last_edited=&#8221;on|phone&#8221; header_text_shadow_style=&#8221;preset3&#8243; header_text_shadow_horizontal_length=&#8221;0.03em&#8221; header_text_shadow_vertical_length=&#8221;0.03em&#8221; header_text_shadow_blur_strength=&#8221;0.2em&#8221;]<\/p>\n<h1><span style=\"font-weight: 400;\">Quando se sonha sozinho, \u00e9 apenas um sonho. Quando se sonha juntos \u00e9 o come\u00e7o da realidade <\/span><\/h1>\n<p><span style=\"font-weight: 400;\">(Cervantes)<\/span><\/p>\n<p>[\/et_pb_text][\/et_pb_column][et_pb_column type=&#8221;2_5&#8243; _builder_version=&#8221;3.25&#8243; custom_padding=&#8221;|||&#8221; custom_padding__hover=&#8221;|||&#8221;][\/et_pb_column][\/et_pb_row][\/et_pb_section][et_pb_section fb_built=&#8221;1&#8243; _builder_version=&#8221;4.6.6&#8243; _module_preset=&#8221;default&#8221; background_image=&#8221;https:\/\/aadas.org\/wp-content\/uploads\/2020\/12\/Fundo-Amarelo.jpg&#8221; parallax=&#8221;on&#8221; custom_padding=&#8221;0px||0px|||&#8221;][et_pb_row column_structure=&#8221;3_5,2_5&#8243; _builder_version=&#8221;4.6.6&#8243; _module_preset=&#8221;default&#8221; custom_padding=&#8221;||0px|||&#8221;][et_pb_column type=&#8221;3_5&#8243; _builder_version=&#8221;4.6.6&#8243; _module_preset=&#8221;default&#8221;][et_pb_text _builder_version=&#8221;4.6.6&#8243; _module_preset=&#8221;default&#8221; text_font=&#8221;||||||||&#8221; text_text_color=&#8221;#000000&#8243; text_font_size=&#8221;16px&#8221; text_line_height=&#8221;1.9em&#8221; background_enable_color=&#8221;off&#8221; module_alignment=&#8221;center&#8221; custom_margin=&#8221;||||false|false&#8221; custom_padding=&#8221;15px|15px|15px|15px|false|false&#8221;]<\/p>\n<p><span style=\"font-weight: 400;\"><\/span><\/p>\n<p><span style=\"font-weight: 400;\">E olha que n\u00f3s temos sonhos, milhares. Sonhos grandes, sonhos pequenos, mas s\u00f3 conseguiremos realizar JUNTOS.<br \/>Juntos conseguiremos tornar o Surdo vis\u00edvel.<br \/>Juntos conseguiremos alcan\u00e7ar um maior n\u00famero de parceiros de comunica\u00e7\u00e3o para os surdos.<br \/>Juntos conseguiremos mostrar o quanto o surdo \u00e9 capaz, independente de limita\u00e7\u00f5es ou de diferen\u00e7as.<br \/>Juntos conseguiremos manter nosso trabalho constante em prol da comunidade surda.<br \/>Precisamos de voc\u00ea para juntos, sonharmos e realizarmos.<\/span><\/p>\n<p><span style=\"font-weight: 400;\"><\/span><\/p>\n<p>[\/et_pb_text][\/et_pb_column][et_pb_column type=&#8221;2_5&#8243; _builder_version=&#8221;4.6.6&#8243; _module_preset=&#8221;default&#8221;][et_pb_image src=&#8221;https:\/\/aadas.org\/wp-content\/uploads\/2020\/12\/Roda-bonecos-madeira-mdf.png&#8221; title_text=&#8221;Roda-bonecos-madeira-mdf&#8221; align=&#8221;center&#8221; _builder_version=&#8221;4.6.6&#8243; _module_preset=&#8221;default&#8221; custom_margin=&#8221;20%||20%||false|false&#8221;][\/et_pb_image][\/et_pb_column][\/et_pb_row][\/et_pb_section][et_pb_section fb_built=&#8221;1&#8243; _builder_version=&#8221;4.6.6&#8243; _module_preset=&#8221;default&#8221; use_background_color_gradient=&#8221;on&#8221; background_color_gradient_start=&#8221;rgba(255,255,255,0.87)&#8221; background_color_gradient_end=&#8221;rgba(255,212,0,0.42)&#8221; background_color_gradient_direction=&#8221;195deg&#8221; background_color_gradient_start_position=&#8221;43%&#8221; background_image=&#8221;https:\/\/aadas.org\/wp-content\/uploads\/2020\/08\/Fundo-AADAS.jpg&#8221; background_blend=&#8221;soft-light&#8221;][et_pb_row _builder_version=&#8221;4.6.6&#8243; _module_preset=&#8221;default&#8221;][et_pb_column type=&#8221;4_4&#8243; _builder_version=&#8221;4.6.6&#8243; _module_preset=&#8221;default&#8221;][et_pb_gallery gallery_ids=&#8221;316,315,314,313,312,311,310,464&#8243; show_title_and_caption=&#8221;off&#8221; _builder_version=&#8221;4.6.6&#8243; _module_preset=&#8221;default&#8221; custom_margin=&#8221;||-3px|||&#8221; custom_padding=&#8221;||0px|||&#8221;][\/et_pb_gallery][et_pb_text _builder_version=&#8221;4.6.6&#8243; _module_preset=&#8221;default&#8221; header_font=&#8221;|700|||||||&#8221; header_text_align=&#8221;center&#8221; header_line_height=&#8221;1.6em&#8221;]<\/p>\n<h1 class=\"et_pb_module_header et-fb-editable-element et-fb-editable-element__editing\" data-shortcode-id=\"2.0-1606786477094\" data-quickaccess-id=\"title\" contenteditable=\"true\">Voc\u00ea pode nos ajudar a sonhar e realizar, fazendo parte de uma de nossa galeria de apoiadores<\/h1>\n<p>[\/et_pb_text][\/et_pb_column][\/et_pb_row][\/et_pb_section][et_pb_section fb_built=&#8221;1&#8243; admin_label=&#8221;Features&#8221; _builder_version=&#8221;3.22&#8243;][et_pb_row column_structure=&#8221;1_3,1_3,1_3&#8243; _builder_version=&#8221;4.6.6&#8243; _module_preset=&#8221;default&#8221;][et_pb_column type=&#8221;1_3&#8243; _builder_version=&#8221;4.6.6&#8243; _module_preset=&#8221;default&#8221;][et_pb_text _builder_version=&#8221;4.6.6&#8243; _module_preset=&#8221;default&#8221; text_font=&#8221;Lato||||||||&#8221; text_font_size=&#8221;20px&#8221; text_line_height=&#8221;2.3em&#8221; header_font=&#8221;Lato|900|||||||&#8221; header_6_font=&#8221;||on||||||&#8221; header_6_text_color=&#8221;rgba(0,0,0,0.61)&#8221; header_6_font_size=&#8221;12px&#8221; background_color=&#8221;#ffd400&#8243; text_orientation=&#8221;center&#8221; custom_margin=&#8221;||||false|false&#8221; custom_padding=&#8221;10px|5px|40px|5px|false|false&#8221; border_radii=&#8221;on|15px|15px|15px|15px&#8221; border_width_all=&#8221;2px&#8221; border_color_all=&#8221;#edf000&#8243;]<\/p>\n<p>Galeria<\/p>\n<h1>Doadores em A\u00e7\u00e3o<\/h1>\n<h6><span style=\"font-weight: 400;\">(v\u00e1lido somente para residentes do estado de SP)<\/span><\/h6>\n<p>[\/et_pb_text][et_pb_text _builder_version=&#8221;4.6.6&#8243; _module_preset=&#8221;default&#8221; text_font=&#8221;Lato||||||||&#8221; text_font_size=&#8221;15px&#8221; header_font=&#8221;Lato|900|||||||&#8221; background_color=&#8221;#ffeca8&#8243; text_orientation=&#8221;center&#8221; custom_margin=&#8221;-60px|0px||0px|false|false&#8221; custom_padding=&#8221;7%|7%|40px|7%|false|false&#8221; border_color_all=&#8221;rgba(0,0,0,0)&#8221;]<\/p>\n<p><span style=\"font-size: 15px;\"><\/span><\/p>\n<p><span style=\"font-size: 15px;\">Pessoas que se tornam doadores autom\u00e1ticos de cupom fiscal paulista, promovendo a sustentabilidade de 40% das nossas atividades.<\/span><span style=\"font-size: 15px;\">\u00a0<\/span><\/p>\n<p>&nbsp;<\/p>\n<p>Tornando-se um doador autom\u00e1tico da Nota Fiscal Paulista, voc\u00ea direciona para a AADAS os cr\u00e9ditos do programa da nota fiscal paulista do governo e ainda recebe informa\u00e7\u00f5es constantes sobre tudo o que est\u00e1 sendo poss\u00edvel fazer atrav\u00e9s da sua doa\u00e7\u00e3o.<\/p>\n<p>[\/et_pb_text][et_pb_text _builder_version=&#8221;4.6.6&#8243; _module_preset=&#8221;default&#8221; background_color=&#8221;#fcf5d6&#8243; custom_margin=&#8221;-40px||||false|false&#8221; custom_padding=&#8221;10px|15px|10px|15px|false|false&#8221; border_radii=&#8221;off|||15px|15px&#8221;]<\/p>\n<p style=\"text-align: center;\">Torne-se um Doador em a\u00e7\u00e3o<\/p>\n<p>[\/et_pb_text][et_pb_button button_url=&#8221;https:\/\/api.whatsapp.com\/send?phone=5512996256428&#8243; button_text=&#8221;12 99625-6428&#8243; button_alignment=&#8221;center&#8221; _builder_version=&#8221;4.6.6&#8243; _module_preset=&#8221;default&#8221;][\/et_pb_button][\/et_pb_column][et_pb_column type=&#8221;1_3&#8243; _builder_version=&#8221;4.6.6&#8243; _module_preset=&#8221;default&#8221;][et_pb_text _builder_version=&#8221;4.8.1&#8243; _module_preset=&#8221;default&#8221; text_font=&#8221;Lato||||||||&#8221; text_font_size=&#8221;20px&#8221; text_line_height=&#8221;2.3em&#8221; header_font=&#8221;Lato|900|||||||&#8221; header_6_font=&#8221;||on||||||&#8221; header_6_text_color=&#8221;rgba(0,0,0,0.61)&#8221; header_6_font_size=&#8221;12px&#8221; background_color=&#8221;#ffd400&#8243; text_orientation=&#8221;center&#8221; custom_margin=&#8221;||||false|false&#8221; custom_padding=&#8221;10px|5px|40px|5px|false|false&#8221; hover_enabled=&#8221;0&#8243; border_radii=&#8221;on|15px|15px|15px|15px&#8221; border_width_all=&#8221;2px&#8221; border_color_all=&#8221;#edf000&#8243; sticky_enabled=&#8221;0&#8243;]<\/p>\n<p>Galeria<\/p>\n<h1>DOAADAS<\/h1>\n<h6><span style=\"font-weight: 400;\">\u00a0<\/span><\/h6>\n<p>[\/et_pb_text][et_pb_text _builder_version=&#8221;4.6.6&#8243; _module_preset=&#8221;default&#8221; text_font=&#8221;Lato||||||||&#8221; text_font_size=&#8221;15px&#8221; header_font=&#8221;Lato|900|||||||&#8221; background_color=&#8221;#ffeca8&#8243; text_orientation=&#8221;center&#8221; custom_margin=&#8221;-60px|0px||0px|false|false&#8221; custom_padding=&#8221;7%|7%|40px|7%|false|false&#8221; border_color_all=&#8221;rgba(0,0,0,0)&#8221;]<\/p>\n<p>&nbsp;<\/p>\n<p>Doe sem medo, sem desconfian\u00e7a.<\/p>\n<p>Quando voc\u00ea se compromete com um plano de doa\u00e7\u00e3o, seu recurso financia nossos atendimentos, projetos e programas especializados.<\/p>\n<p>Promove comunica\u00e7\u00e3o, emo\u00e7\u00e3o e desenvolvimento de habilidades.<\/p>\n<p>Contribuindo mensalmente voc\u00ea permite que nossa voz e nossas m\u00e3os nunca se calem.<\/p>\n<p>[\/et_pb_text][et_pb_text _builder_version=&#8221;4.6.6&#8243; _module_preset=&#8221;default&#8221; background_color=&#8221;#fcf5d6&#8243; custom_margin=&#8221;-40px||||false|false&#8221; custom_padding=&#8221;10px|15px|10px|15px|false|false&#8221; border_radii=&#8221;off|||15px|15px&#8221;]<\/p>\n<p style=\"text-align: center;\">Torne-se um DOAADAS<br \/> <span style=\"font-size: 14px;\"><\/span><\/p>\n<p style=\"text-align: center;\"><span style=\"font-weight: 400;\"><\/span><\/p>\n<p>[\/et_pb_text][et_pb_button button_text=&#8221;Doe Agora&#8221; button_alignment=&#8221;center&#8221; _builder_version=&#8221;4.8.1&#8243; _module_preset=&#8221;default&#8221;][\/et_pb_button][\/et_pb_column][et_pb_column type=&#8221;1_3&#8243; _builder_version=&#8221;4.6.6&#8243; _module_preset=&#8221;default&#8221;][et_pb_text _builder_version=&#8221;4.6.6&#8243; _module_preset=&#8221;default&#8221; text_font=&#8221;Lato||||||||&#8221; text_font_size=&#8221;20px&#8221; text_line_height=&#8221;2.3em&#8221; header_font=&#8221;Lato|900|||||||&#8221; header_6_font=&#8221;||on||||||&#8221; header_6_text_color=&#8221;rgba(0,0,0,0.61)&#8221; header_6_font_size=&#8221;12px&#8221; background_color=&#8221;#ffd400&#8243; text_orientation=&#8221;center&#8221; custom_margin=&#8221;||||false|false&#8221; custom_padding=&#8221;10px|5px|40px|5px|false|false&#8221; border_radii=&#8221;on|15px|15px|15px|15px&#8221; border_width_all=&#8221;2px&#8221; border_color_all=&#8221;#edf000&#8243;]<\/p>\n<p>Galeria<\/p>\n<h1>PARCEIRA SOCIAL<\/h1>\n<h6><span style=\"font-weight: 400;\">\u00a0<\/span><\/h6>\n<p>[\/et_pb_text][et_pb_text _builder_version=&#8221;4.6.6&#8243; _module_preset=&#8221;default&#8221; text_font=&#8221;Lato||||||||&#8221; text_font_size=&#8221;15px&#8221; header_font=&#8221;Lato|900|||||||&#8221; background_color=&#8221;#ffeca8&#8243; text_orientation=&#8221;center&#8221; custom_margin=&#8221;-60px|0px||0px|false|false&#8221; custom_padding=&#8221;7%|7%|40px|7%|false|false&#8221; border_color_all=&#8221;rgba(0,0,0,0)&#8221;]<\/p>\n<p>Se voc\u00ea \u00e9 empresa, pode se tornar um parceiro social da AADAS.<br \/>Sua empresa vai contribuir mensalmente ou pontualmente para a realiza\u00e7\u00e3o de eventos, bem como para financiar projetos que atingem anualmente cerca de 3 mil pessoas. Atrav\u00e9s da doa\u00e7\u00e3o, sua empresa mobiliza ouvintes a participar da Comunidade Surda, promove o desenvolvimento das habilidades e da forma\u00e7\u00e3o profissional dos surdos atendidos pela AADAS. Ao mesmo tempo, cumpre sua miss\u00e3o de Responsabilidade Social.<\/p>\n<p>[\/et_pb_text][et_pb_text _builder_version=&#8221;4.6.6&#8243; _module_preset=&#8221;default&#8221; background_color=&#8221;#fcf5d6&#8243; custom_margin=&#8221;-40px||19px||false|false&#8221; custom_padding=&#8221;10px|15px|10px|15px|false|false&#8221; border_radii=&#8221;off|||15px|15px&#8221;]<\/p>\n<p style=\"text-align: center;\">Torne-se um PARCEIRO SOCIAL.<\/p>\n<p style=\"text-align: center;\"><span style=\"font-weight: 400;\"><\/span><\/p>\n<p>[\/et_pb_text][et_pb_button button_url=&#8221;https:\/\/api.whatsapp.com\/send?phone=5512997507873&#8243; button_text=&#8221;12 99750-7873&#8243; button_alignment=&#8221;center&#8221; _builder_version=&#8221;4.8.1&#8243; _module_preset=&#8221;default&#8221;][\/et_pb_button][\/et_pb_column][\/et_pb_row][\/et_pb_section]<\/p>\n","protected":false},"excerpt":{"rendered":"<p>Quando se sonha sozinho, \u00e9 apenas um sonho. Quando se sonha juntos \u00e9 o come\u00e7o da realidade (Cervantes) E olha que n\u00f3s temos sonhos, milhares. Sonhos grandes, sonhos pequenos, mas s\u00f3 conseguiremos realizar JUNTOS.Juntos conseguiremos tornar o Surdo vis\u00edvel.Juntos conseguiremos alcan\u00e7ar um maior n\u00famero de parceiros de comunica\u00e7\u00e3o para os surdos.Juntos conseguiremos mostrar o quanto [&hellip;]<\/p>\n","protected":false},"author":1,"featured_media":0,"parent":0,"menu_order":0,"comment_status":"closed","ping_status":"closed","template":"","meta":{"_et_pb_use_builder":"on","_et_pb_old_content":"","_et_gb_content_width":"","_joinchat":[],"footnotes":""},"class_list":["post-299","page","type-page","status-publish","hentry"],"jetpack_sharing_enabled":true,"_links":{"self":[{"href":"https:\/\/aadas.org\/index.php?rest_route=\/wp\/v2\/pages\/299","targetHints":{"allow":["GET"]}}],"collection":[{"href":"https:\/\/aadas.org\/index.php?rest_route=\/wp\/v2\/pages"}],"about":[{"href":"https:\/\/aadas.org\/index.php?rest_route=\/wp\/v2\/types\/page"}],"author":[{"embeddable":true,"href":"https:\/\/aadas.org\/index.php?rest_route=\/wp\/v2\/users\/1"}],"replies":[{"embeddable":true,"href":"https:\/\/aadas.org\/index.php?rest_route=%2Fwp%2Fv2%2Fcomments&post=299"}],"version-history":[{"count":19,"href":"https:\/\/aadas.org\/index.php?rest_route=\/wp\/v2\/pages\/299\/revisions"}],"predecessor-version":[{"id":606,"href":"https:\/\/aadas.org\/index.php?rest_route=\/wp\/v2\/pages\/299\/revisions\/606"}],"wp:attachment":[{"href":"https:\/\/aadas.org\/index.php?rest_route=%2Fwp%2Fv2%2Fmedia&parent=299"}],"curies":[{"name":"wp","href":"https:\/\/api.w.org\/{rel}","templated":true}]}}